ctors of a(-17)?
3, 23
Let a = 89 + -44. What are the prime factors of a?
3, 5
What are the prime factors of 23*2*(-5)/(-10)?
23
Let v(j) = j**3 - j**2 + 156. What are the prime factors of v(0)?
2, 3, 13
Let a(k) = 6*k + 0 + 1 + k**2 - 2. Let l be 27/(-4) - (-2)/(-8). What are the prime factors of a(l)?
2, 3
Let r(i) = -4*i**3 - 2*i**2 + 5*i - 6. Let d(p) = -5*p**3 - 2*p**2 + 6*p - 6. Let u(h) = -6*d(h) + 7*r(h). What are the prime factors of u(3)?
3
What are the prime factors of (2 + -1)*(273 + 1 + -3)?
271
Let n(a) = 4*a**2 + 2*a + 3. What are the prime factors of n(7)?
3, 71
Suppose -9 = -c + a, 2*a = 3*c - 4 - 22. Let o = -11 + 35. Suppose -2*p = -2*g - o, -p - 2*g - c = -2*p. List the prime factors of p.
2
Let h(r) = -r**3 - 5*r**2 - 4*r. Let j be h(-3). Let f(u) = u**3 + 8*u**2 + 8*u + 9. What are the prime factors of f(j)?
3, 11
Let i(u) = 2*u**2 - u + 168. List the prime factors of i(0).
2, 3, 7
Let h(q) = -4*q**3 + 2*q + 1. Let f be h(-1). Suppose -f*c = -2*u - 29, 4*u - 3*c = -c - 46. Let p = 5 - u. List the prime factors of p.
3, 5
Let h = -225 - -340. Suppose 5*j - 5*d = h, 4*d - 23 - 29 = -2*j. What are the prime factors of (-3)/(-4)*j/9?
2
Suppose 2*x = 202 + 324. List the prime factors of x.
263
Suppose -2*x + 18 = -0*x. Let r = x - 5. Suppose -3 = -3*g, -g = -r*w - 2*g + 9. List the prime factors of w.
2
Suppose -401 = -11*a + 94. List the prime factors of a.
3, 5
Suppose -3*f + 3*a = -339, -5*f + 4*a + 508 = -55. List the prime factors of f.
3, 37
What are the prime factors of (-2)/(-5) + 6/30*958?
2, 3
List the prime factors of 5/(-2)*(174/(-5) + 2).
2, 41
Let g = -7 + 30. What are the prime factors of g?
23
Let m be (2 - -2 - 2)*1. Let f be (-1)/(m*-1 + 3). What are the prime factors of 13 + (-2 + 0 - f)?
2, 3
Suppose 5*p + 29 = 84. List the prime factors of p.
11
Suppose 49*g - 1090 = 44*g. What are the prime factors of g?
2, 109
Let g(r) be the second derivative of r**4/4 - 3*r**2/2 - r. Let p be g(3). List the prime factors of ((-2)/(-4))/(4/p).
3
Suppose -4*s = 5*i + 26, i + 2*s = -4 - 0. Let z be ((-87)/i)/(1/2). Suppose -2*x - x = d - z, -x + 4*d = 12. What are the prime factors of x?
2
Suppose -3*t = -i - 2*t + 34, i + 3*t = 14. Suppose i = -0*q + q. List the prime factors of q.
29
Let s(h) = 9*h**2 - 2*h - 2. What are the prime factors of s(3)?
73
Let n(f) = -f**2 + 4*f + 5. Let w be n(5). Let m(s) = 10*s**3 + s**2 + s. Let d be m(-1). Let b = w - d. List the prime factors of b.
2, 5
Suppose 2*p - o - 487 = -4*o, -3*p + 728 = 2*o. What are the prime factors of p?
2, 11
Suppose -4 = 2*g - k + 10, 2*k - 18 = 2*g. List the prime factors of 6 + -2 + 5 + g.
2
Suppose 0 = 3*s - 12, 4*r + s - 744 = -0*r. Suppose -6*i = -i - r. List the prime factors of i.
37
Suppose -u + 2 = -3*f, -f + 0 = -3*u - 2. List the prime factors of -46*((-6)/4 - u).
23
Let o(h) = -h**3 - 3*h**2 + 1. Let r be o(-1). Let q = 24 - r. What are the prime factors of q?
5
List the prime factors of ((-45)/2)/(5/(-10)).
3, 5
Suppose 2*u + 2*v = 32, -3*u + 12 + 36 = -3*v. List the prime factors of u.
2
Let f(n) = -n**2 - 8*n + 13. Let z be f(-9). Suppose -2*j = -3*q + 4, -q - z*q + 5*j + 10 = 0. Suppose q = -t + 22 + 1. List the prime factors of t.
23
Let s = -22 + 24. What are the prime factors of s/((-8)/(-132)) - 0?
3, 11
Suppose -4*o = -o. Let n(v) = v + 6. What are the prime factors of n(o)?
2, 3
Let h be 4/(-8) + (-194)/(-4). Suppose -y - 5*j = -28 - 8, -2*y + h = -2*j. List the prime factors of y.
2, 13
Suppose 5*c - 103 - 32 = 0. Let h = 45 - c. List the prime factors of h.
2, 3
Let j = -13 - -18. Let o(x) = 2*x + 7 - 3 - 3 - j*x. What are the prime factors of o(-4)?
13
Let r(j) = -j**2 + 3*j + 4. Let x be r(3). Suppose 5*s - 9 = 4*s. Suppose -x*l + s = -l. What are the prime factors of l?
3
Let x be ((-3)/(-5) - 1)*65. Let r = -7 - x. What are the prime factors of r?
19
Let b(t) = -t + 7. Let y be (7/2)/(2/4). Let x be b(y). Suppose x = 2*g - 7 + 1. What are the prime factors of g?
3
Let i be ((-1)/(-2))/((-6)/(-12)). Let k = i - 0. What are the prime factors of 0 + 2 + k + 8?
11
Suppose 14*s - 75 = 9*s. Suppose -s*t = -13*t - 34. List the prime factors of t.
17
Let q = 21 + 6. What are the prime factors of q?
3
Let h = -78 - -121. Let a = h + -31. What are the prime factors of a?
2, 3
Let v(h) = 2*h - 5. List the prime factors of v(6).
7
Suppose -1 - 5 = -3*d. Suppose 2 = -d*y + 34. List the prime factors of y.
2
Let d(c) = -c**2 - 6*c + 9. Let n be d(-7). Suppose -n*f - 1 = -f. What are the prime factors of 6/(2/2 - f)?
3
List the prime factors of (42/(-35))/(4/(-30)).
3
Suppose -28 = -9*i + 5*i. List the prime factors of i.
7
Suppose 25 = 4*h - 123. Let s = 52 - h. What are the prime factors of s?
3, 5
Let o = -11 + 5. Let r = -4 - o. Suppose 8 = t - r*y, -3*y + 5*y - 28 = -2*t. What are the prime factors of t?
2, 3
Let x be ((-8)/(-1))/((-2)/(-1)). Suppose 0 = -k + x + 7. List the prime factors of k.
11
Let a = 5 - -2. Let w(b) = b - 2. Let u be w(a). Suppose u*r = r + 36. List the prime factors of r.
3
Let i(o) = o - 1. Let l(a) = -7*a - 4. Let k(s) = 5*i(s) + l(s). List the prime factors of k(-8).
7
Let d be -1*(-1 - 29) + 3. Let n be -2*1 + (-3 - -11). What are the prime factors of n/d + (-126)/(-33)?
2
Suppose j - 4543 = -10*j. What are the prime factors of j?
7, 59
Suppose -2*p + 38 = -0*p. Suppose -4*w + 56 = 5*r, w - 3*r - 12 = p. What are the prime factors of w?
19
Let n = -12 - -16. Suppose -m - n*m = -125. List the prime factors of m.
5
Let v(m) = m + 2. What are the prime factors of v(3)?
5
Let b = -6 + 4. Let j be (-2)/4*2 + 6. Let w = j + b. List the prime factors of w.
3
Suppose 0 = 3*c - 3*y - 414, -4*c + 5*y = -2*c - 291. List the prime factors of c.
7, 19
Let i = 12 + 11. List the prime factors of i.
23
Let q(a) = -a**3 - 12*a**2 + 14*a + 13. Let y be q(-13). Suppose y*p = p - 36. What are the prime factors of p?
2, 3
Suppose 3*l - 170 = -3*w + 52, 2*l - 306 = -4*w. List the prime factors of w.
79
Let m(o) = 3*o**3 + o**2 + 3*o - 4. Let y be m(3). Let w = y - 66. List the prime factors of w.
29
Suppose 64 + 8 = 4*v. List the prime factors of v/30 - (-157)/5.
2
Let b(x) = -x**2 + 7*x - 2. Let w be b(6). Let h = 32 - w. Suppose h = 2*y + 2. List the prime factors of y.
13
Let v(r) = r**3 + 2*r**2 - r + 2. Let b be v(-2). Suppose -1 = n + 2*f - b, 3*f = 5*n - 15. Suppose -4*x + 43 = -n*a, 2*a = a - 5. List the prime factors of x.
7
Suppose -u - 3*y + 109 = 4*u, -66 = -3*u - 2*y. What are the prime factors of u?
2, 5
Let h = -22 - -44. Suppose 3*f = 2*t + 44, -f + 4*t + 6 = -h. List the prime factors of f.
2, 3
Suppose s + 5*o - 56 = 0, 5*s - 2 = 3*o + 166. List the prime factors of s.
2, 3
List the prime factors of (-10)/40 - (-2650)/8.
331
Suppose -2*u + 7 + 3 = 0. Suppose -2*j + 7*c = 2*c + 31, -3*j - 4*c = 12. List the prime factors of u/(-20) + (-58)/j.
7
Suppose -4*s = -s. Let q = s + -6. Let a = q + 9. List the prime factors of a.
3
Let c(l) = 7*l**2 - 1. Let x be c(1). Let t(v) be the second derivative of v**3/2 - 9*v**2/2 + 4*v. What are the prime factors of t(x)?
3
Suppose 4*b = -k + 199, 3*b - 7*k = -3*k + 173. List the prime factors of b.
3, 17
Suppose 0 = -5*y + 20, -a + 4*y = 2*a - 71. Suppose -5*z - a = -69. List the prime factors of z.
2
Suppose -5*a + 10*v + 20 = 5*v, 2*a - 4 = 4*v. Let i be (3/(-9))/((-1)/a). Let t = 3 + i. List the prime factors of t.
5
Let m(o) = o**3 - o**2 - 3 + 5 + 0 - o. Let y be m(0). Let c(b) = b**2 + 2*b - 2. List the prime factors of c(y).
2, 3
Let u = 11 + -7. Let p be (6/8)/((-1)/(-4)). Suppose 5*y - p*y = -4*v - 16, -u*y - 5*v = 17. What are the prime factors of y?
2
Let b = 124 + -81. List the prime factors of b.
43
Let x be (-4)/10 + (-86)/10. Let g(u) = 4*u - 3*u + 0*u + 2 + 10. What are the prime factors of g(x)?
3
What are the prime factors of (-4)/(3/((-390)/4))?
2, 5, 13
List the prime factors of (1 - 9)/(14/(-84)).
2, 3
List the prime factors of 592/14 - 16/56.
2, 3, 7
Suppose -2*u - 137 = 35. Let o = -52 - u. List the prime factors of o.
2, 17
Suppose -22*y + 18*y + 304 = 0. What are the prime factors of y?
2, 19
Suppose 4*q = -4 + 20. Suppose q*y - 4 = -3*h, -y - 2*y + 3 = -h. What are the prime factors of 2/(-5)*(-5 - h)?
2
Suppose -4 = -4*m, 2*g - 14 - 49 = -5*m. Let 